?
85
Calculate the remainder when 937544 is divided by 8762.
10
Calculate the remainder when 330471 is divided by 1066.
11
Calculate the remainder when 16029552 is divided by 70305.
12
What is the remainder when 148734440 is divided by 123?
11
Calculate the remainder when 3103906 is divided by 775754.
890
Calculate the remainder when 2204542 is divided by 225.
217
Calculate the remainder when 309009 is divided by 43.
11
What is the remainder when 13546533 is divided by 22?
11
What is the remainder when 8997 is divided by 8501?
496
What is the remainder when 3542094 is divided by 697?
637
Calculate the remainder when 21230411 is divided by 12.
11
What is the remainder when 237952 is divided by 47368?
1112
Calculate the remainder when 3997841 is divided by 1332612.
5
What is the remainder when 175300 is divided by 145?
140
Calculate the remainder when 733118 is divided by 281.
270
What is the remainder when 17421 is divided by 117?
105
What is the remainder when 62147 is divided by 1331?
921
What is the remainder when 9703 is divided by 1598?
115
Calculate the remainder when 4257682 is divided by 54.
52
What is the remainder when 5922108 is divided by 1974032?
12
Calculate the remainder when 1952207 is divided by 130.
127
What is the remainder when 354847461 is divided by 4927?
4921
What is the remainder when 51043080 is divided by 882?
858
What is the remainder when 1693320 is divided by 324?
96
Calculate the remainder when 2553003 is divided by 425495.
33
What is the remainder when 12131978 is divided by 1733118?
152
Calculate the remainder when 61825450 is divided by 596.
582
What is the remainder when 749929 is divided by 2831?
2545
What is the remainder when 443593 is divided by 62934?
3055
What is the remainder when 224844 is divided by 110864?
3116
Calculate the remainder when 99810 is divided by 49233.
1344
Calculate the remainder when 54164 is divided by 53533.
631
What is the remainder when 11257773 is divided by 3752587?
12
What is the remainder when 1032567 is divided by 147464?
319
What is the remainder when 2523797 is divided by 841264?
5
Calculate the remainder when 937513673 is divided by 7.
5
Calculate the remainder when 932992 is divided by 4596.
4
Calculate the remainder when 1340164 is divided by 566.
442
What is the remainder when 2819504 is divided by 3022?
3000
Calculate the remainder when 28675484 is divided by 6378.
6374
Calculate the remainder when 623541 is divided by 265.
261
Calculate the remainder when 14318584 is divided by 4772844.
52
What is the remainder when 647150 is divided by 1827?
392
What is the remainder when 2791671 is divided by 697775?
571
Calculate the remainder when 7272220 is divided by 70.
60
What is the remainder when 325985647 is divided by 33?
31
Calculate the remainder when 227011 is divided by 17455.
96
What is the remainder when 57048 is divided by 350?
348
Calculate the remainder when 59332497 is divided by 130.
107
Calculate the remainder when 1284459 is divided by 3398.
15
Calculate the remainder when 6819636 is divided by 3065.
11
What is the remainder when 37956 is divided by 971?
87
What is the remainder when 3345996 is divided by 875?
871
What is the remainder when 515414573 is divided by 16?
13
What is the remainder when 13053807 is divided by 2477?
17
What is the remainder when 3042513 is divided by 141?
15
Calculate the remainder when 7073137 is divided by 544055.
422
What is the remainder when 1032848 is divided by 1812?
8
Calculate the remainder when 3258115 is divided by 79.
76
What is the remainder when 1087805 is divided by 34?
9
What is the remainder when 1279071 is divided by 721?
17
Calculate the remainder when 53920435 is divided by 42.
37
Calculate the remainder when 24480 is divided by 2416.
320
What is the remainder when 1189914478 is divided by 1930?
1928
Calculate the remainder when 19529384 is divided by 9764679.
26
Calculate the remainder when 42067356 is divided by 21033677.
2
What is the remainder when 3015945 is divided by 396?
9
Calculate the remainder when 4513 is divided by 256.
161
Calculate the remainder when 1885130 is divided by 443.
165
Calculate the remainder when 24659720 is divided by 440352.
8
Calculate the remainder when 267394 is divided by 140.
134
Calculate the remainder when 373641 is divided by 281.
192
Calculate the remainder when 4177654 is divided by 835530.
4
Calculate the remainder when 2198810 is divided by 7403.
119
Calculate the remainder when 415641488 is divided by 1692.
1688
What is the remainder when 6733509 is divided by 153?
132
Calculate the remainder when 8457563 is divided by 2114358.
131
What is the remainder when 102432 is divided by 440?
352
What is the remainder when 30327 is divided by 2218?
1493
What is the remainder when 25740582 is divided by 1755?
1752
Calculate the remainder when 762569 is divided by 2218.
1795
Calculate the remainder when 1833016 is divided by 4597.
3410
What is the remainder when 633255 is divided by 2328?
39
What is the remainder when 27313396 is divided by 114?
22
Calculate the remainder when 31503 is divided by 3111.
393
Calculate the remainder when 179459 is divided by 89683.
93
Calculate the remainder when 12399669 is divided by 971.
970
Calculate the remainder when 30032316 is divided by 5195.
21
Calculate the remainder when 128077 is divided by 1755.
1717
What is the remainder when 16644415 is divided by 266?
263
What is the remainder when 342753 is divided by 85569?
477
What is the remainder when 484199 is divided by 161398?
5
What is the remainder when 4134562 is divided by 707?
26
What is the remainder when 62171619 is divided by 334256?
3
Calculate the remainder when 128231 is divided by 3803.
2732
Calculate the remainder when 12533870 is divided by 2461.
2458
What is the remainder when 98492 is divided by 24390?
932
What is the remainder when 8625579 is divided by 254?
247
What is the remainder when 770605 is divided by 93?
7
Calculate the remainder when 6037017 is divided by 262.
13
Calculate the remainder when 35165068 is divided by 48.
28
Calculate the remainder when 2899880 is divided by 6904.
200
Calculate the remainder when 4951699 is divided by 8.
3
What is the remainder when 210621 is divided by 23394?
75
What is the remainder when 323899989 is divided by 934?
931
Calculate the remainder when 9158060 is divided by 2211.
98
Calculate the remainder when 820657 is divided by 2391.
544
Calculate the remainder when 36787788 is divided by 15189.
30
What is the remainder when 4447669 is divided by 2223806?
57
Calculate the remainder when 227695 is divided by 16205.
825
Calculate the remainder when 517496 is divided by 34494.
86
What is the remainder when 80514690 is divided by 3577?
3574
Calculate the remainder when 74842 is divided by 1116.
70
What is the remainder when 105164 is divided by 14368?
4588
What is the remainder when 875198 is divided by 2114?
2
Calculate the remainder when 113923332 is divided by 95.
92
What is the remainder when 5008947 is divided by 3847?
153
Calculate the remainder when 2295021 is divided by 2383.
192
What is the remainder when 14951 is divided by 29?
16
What is the remainder when 213662318 is divided by 3184?
3182
Calculate the remainder when 3210454 is divided by 802594.
78
Calculate the remainder when 13852435 is divided by 451.
421
Calculate the remainder when 5403407 is divided by 225.
32
Calculate the remainder when 1824898 is divided by 2069.
40
What is the remainder when 3330743 is divided by 1296?
23
Calculate the remainder when 4901231 is divided by 3406.
3403
What is the remainder when 188672 is divided by 62691?
599
Calculate the remainder when 1602583 is divided by 320499.
88
What is the remainder when 113673264 is divided by 284?
276
What is the remainder when 568198 is divided by 567847?
351
What is the remainder when 303073 is divided by 100131?
2680
What is the remainder when 1366391 is divided by 204?
203
Calculate the remainder when 1533127 is divided by 923.
24
What is the remainder when 16080374 is divided by 62?
54
Calculate the remainder when 191387 is divided by 31885.
77
Calculate the remainder when 232090 is divided by 1100.
1090
What is the remainder when 2307901 is divided by 384648?
13
Calculate the remainder when 451369 